{"id":588,"date":"2026-01-03T12:06:19","date_gmt":"2026-01-03T12:06:19","guid":{"rendered":"https:\/\/ainonelamanvireys.fi\/?page_id=588"},"modified":"2026-04-30T14:29:41","modified_gmt":"2026-04-30T14:29:41","slug":"hyvinvointihinnasto","status":"publish","type":"page","link":"https:\/\/ainonelamanvireys.fi\/?page_id=588","title":{"rendered":""},"content":{"rendered":"\n<p class=\"has-large-font-size\" id=\"konsultaatio\"><strong>Konsultaatio<\/strong><\/p>\n\n\n\n<h4 class=\"wp-block-heading has-quaternary-color has-text-color has-link-color has-x-large-font-size wp-elements-f133d295d2383b42d18724e6c216f25d\">Ihoanalyysi<\/h4>\n\n\n\n<p class=\"has-large-font-size\"><strong>&#8221;Analyysin esittely&#8221;!<\/strong><\/p>\n\n\n\n<p class=\"has-quaternary-color has-text-color has-link-color has-large-font-size wp-elements-81939d9adaa9d048fb0b15a03c3500ed\"><strong>Kokonaisvaltainen ihoanalyysi<\/strong> <strong>Antlitz-analyysi -menetelm\u00e4ll\u00e4 <\/strong><strong>60 min \/ 98\u20ac<\/strong><\/p>\n\n\n\n<p class=\"has-quaternary-color has-text-color has-link-color has-medium-font-size wp-elements-ad535d46bdeb4b02fa5b8a01c0f5f7b7\">Haluatko todella ymm\u00e4rt\u00e4\u00e4, mit\u00e4 ihosi tarvitsee? Teen sinulle perusteellisen <strong>ihoanalyysin<\/strong>, joka toteutetaan perinteisen\u00e4 ja tarkkana <strong>Antlitz-analyysina.<\/strong><\/p>\n\n\n\n<p class=\"has-quaternary-color has-text-color has-link-color has-medium-font-size wp-elements-999548965f73355b831f3433915226d4\">T\u00e4m\u00e4 kasvoanalyysi perustuu Dr.Hickethierin kehitt\u00e4m\u00e4\u00e4n kasvodiagnostiseen menetelm\u00e4\u00e4n ja ammattitaitoiseen visuaaliseen havainnointiin \u2013 t\u00e4ysin ilman koneita, sopii myos s\u00e4hk\u00f6allergisille. Konsultaatio alkaa kattavalla <strong>asiakaskartoituksella<\/strong>, jossa k\u00e4ymme l\u00e4pi:<\/p>\n\n\n\n<p class=\"has-quaternary-color has-text-color has-link-color has-medium-font-size wp-elements-b4206849d5c2ba35441dbc7010de6a5e\"><strong>Taustatiedot ja el\u00e4m\u00e4ntavat: <\/strong>Ymm\u00e4rr\u00e4mme ihoosi vaikuttavat tekij\u00e4t.<\/p>\n\n\n\n<p class=\"has-quaternary-color has-text-color has-link-color has-medium-font-size wp-elements-6fb5faf37e76348c3b1325a65b3a8a4d\"><strong>Hoitohistoria: <\/strong>Mit\u00e4 hoitoja ja tuotteita olet k\u00e4ytt\u00e4nyt aiemmin?<\/p>\n\n\n\n<p class=\"has-quaternary-color has-text-color has-link-color has-medium-font-size wp-elements-304b7a79c69db8c952050af310a024b6\"><strong>Nykytila:<\/strong> Analysoimme Antlitz-menetelm\u00e4ll\u00e4 ihon kosteustasapaino, v\u00e4rimuutokset, juonteet, rypyt, aknen ja muiden ep\u00e4puhtauksien syyt sek\u00e4 mineraalien puutostilat.<\/p>\n\n\n\n<p class=\"has-quaternary-color has-text-color has-link-color has-medium-font-size wp-elements-e1d3d25f891b1e277bf28f6d5a639a6b\">Analyysin pohjalta saat yksil\u00f6llisen selke\u00e4t vastaukset ihosi tarpeista sek\u00e4 henkil\u00f6kohtaiset tuotesuositukset kotihoitoon. Voit tehd\u00e4 tuoteostot konsultaation yhteydess\u00e4, jotta p\u00e4\u00e4set aloittamaan kotihoidon heti. Tuoteostojen kanssa 176 \u20ac (sis\u00e4lt\u00e4\u00e4: kaksi normaali kokoista 200 ml Hydra Milk puhdistusemulsio- ja kasvovesi, ihoanalyysin sek\u00e4 arvonlis\u00e4veron) mik\u00e4li haluat ostaa enemm\u00e4n hoitotuotteita, analyysin hinnasta hyvitet\u00e4\u00e4n -50%. Tarjous on voimassa: 10.5.2026 saakka.<\/p>\n\n\n\n<p class=\"has-quaternary-color has-text-color has-link-color has-medium-font-size wp-elements-68838d34fe58282a5268c7f144fd98e8\">Oletko valmis aloittamaan yksil\u00f6llisen, kiireett\u00f6m\u00e4n ja laajemman ihon kartoituksen Antlitz-analyysi menetelm\u00e4ll\u00e4. Kyseess\u00e4 ei ole pelkk\u00e4 esteettinen hoito, vaan my\u00f6s kehon terveys ja hyvinvointi sek\u00e4 itsetunnon parannus. <\/p>\n\n\n\n<p class=\"has-quaternary-color has-text-color has-link-color has-medium-font-size wp-elements-d3656cacd4beb2d305b4e2bb1590b1c6\">&#8221;Parhaan lopputuloksen saavuttamiseksi pyyd\u00e4mme sinua saapumaan puhtaalla iholla y\u00f6n j\u00f6lkeen. Olethan yst\u00e4v\u00e4llinen j\u00e4t\u00e4t meikin ja voiteen pois ennen analyysia.&#8221; <\/p>\n\n\n\n<p class=\"has-medium-font-size\"><strong>Ekologinen valinta. Ajanvaraus sopimuksen mukaan puhelimella: 044 357 0278. Parantaa muistia ja lis\u00e4\u00e4 hyvinvointia<\/strong><\/p>\n\n\n\n<p class=\"has-medium-font-size\"><strong>Peruutusehdot:<\/strong><br>Esteen sattuessa pyyd\u00e4mme yst\u00e4v\u00e4llisesti perumaan varatun ajan viimeist\u00e4\u00e4n&nbsp;<strong>24 tuntia<\/strong>&nbsp;ennen palvelun alkua soittamalla tai tekstiviestill\u00e4 numeroon&nbsp;<strong>044 357 0278<\/strong>.<\/p>\n\n\n\n<p class=\"has-medium-font-size\">Huomioithan, ett\u00e4 my\u00f6hemmin tehdyist\u00e4 peruutuksista tai kokonaan peruuttamatta j\u00e4tetyist\u00e4 ajoista veloitamme&nbsp;<strong>50  &#8211; 100%<\/strong>&nbsp;palvelun tai hoidon hinnasta.<\/p>\n\n\n\n<p class=\"has-medium-font-size\">Yst\u00e4v\u00e4llisin terveisin,<br><strong>Ainon El\u00e4m\u00e4nvireys<\/strong><\/p>\n\n\n\n<p class=\"has-medium-font-size\"><strong>Palveluveloitukset:<\/strong> <strong>Pankkisiirto, tilisiirto tai lasku k\u00e4teinen.<\/strong><\/p>\n\n\n\n<p class=\"has-medium-font-size\"><strong>Kaikki palvelut sis\u00e4lt\u00e4\u00e4 arvonlis\u00e4veroa 25,5 %:a.<\/strong><\/p>\n\n\n\n<p><\/p>\n\n\n\n<p class=\"has-x-large-font-size\"><strong>Ihanaa \u00e4itienp\u00e4iv\u00e4\u00e4! \u2764\ufe0f<\/strong><\/p>\n\n\n\n<p class=\"has-large-font-size\">Hemmottele \u00e4iti\u00e4 t\u00e4n\u00e4 vuonna Ekohoitola Ainon El\u00e4m\u00e4nvireyden ayurvedisilla hoidoilla. Tarjoa \u00e4idille hetki luonnonmukaista hyv\u00e4\u00e4 oloa ja aitoa rentoutumista Kuopion syd\u00e4mess\u00e4. \ud83c\udf3f\u2728<\/p>\n\n\n\n<p class=\"has-large-font-size\">\ud83c\udf81&nbsp;<strong>Hanki lahjakortti helposti:<\/strong>&nbsp;<a href=\"https:\/\/www.ainonelamanvireys.fi\/\" target=\"_blank\" rel=\"noreferrer noopener\">www.ainonelamanvireys.fi<\/a><br>\ud83d\udcde&nbsp;<strong>Kysy lis\u00e4\u00e4:<\/strong>&nbsp;044 357 0278<\/p>\n\n\n\n<p class=\"has-large-font-size\">Anna lahjaksi! El\u00e4m\u00e4nvireyden El\u00e4mys 10.5. <\/p>\n\n\n\n<p class=\"has-large-font-size\">Valitse hoito- ja tai valmis-summa, esimerkiksi tuoteostot.<\/p>\n\n\n\n<p><\/p>\n\n\n\n<div style=\"height:4px\" aria-hidden=\"true\" class=\"wp-block-spacer\"><\/div>\n\n\n\n<hr class=\"wp-block-separator has-alpha-channel-opacity\"\/>\n\n\n\n<p class=\"has-large-font-size\" id=\"hoidot\"><strong>Hoitolapalvelut<\/strong> <\/p>\n\n\n\n<p class=\"has-medium-font-size\" id=\"hoidot\"><strong>Lakshmi uutuus<\/strong> on nyt meill\u00e4 Kuopiossa ja keskitymme entist\u00e4 enemm\u00e4n kokonaisvaltaisiin hoitoihin, joissa yhdistyv\u00e4t ayurveda, aromaterapia ja pfytoterapia. Vuodesta 2020 syvent\u00e4m\u00e4ni vuosien Lakshmin tuotetuntemus takaa, ett\u00e4 saat aina ihollesi parhaiten sopivat, yksil\u00f6lliset tuotteet ja hoidot.<\/p>\n\n\n\n<p class=\"has-medium-font-size\" id=\"hoidot\">Autamme asiakkaitamme ratkaisemaan ihon, kehon ja jopa mielen haasteita ja niiden juurisyit\u00e4. Tarjoamme kokonaisvaltaisia Lakshmi hoitorituaaleja. Jokainen l\u00f6yt\u00e4\u00e4 my\u00f6s omaan iho- ja kehotyyppiins\u00e4 sopivat kotihoitotuotteet. <br><br>Kaikkiin hoitoihin sis\u00e4ltyy, aina hoidon alussa ihon sen hetkisen lyhyt tilanne kartoitus.<\/p>\n\n\n\n<p class=\"has-medium-font-size\"><strong>Detox<\/strong> <strong>-rituaali, syv\u00e4puhdistava, toimii suojakilpe\u00e4 UV-s\u00e4teit\u00e4 ja vapaita radikaaleja vastaan 60 min \/ 105 \u20ac<\/strong><\/p>\n\n\n\n<p class=\"has-medium-font-size\">Lyhyt jalkapohjien hieronta, alkupuhdistus, kasvojen hedelm\u00e4happokuorinta, Black Mut puhdistava naamio, kasvojen \u00f6ljyhieronta, seerumi, kohottavanaamio, k\u00e4sihieronta naamion aikana, hoitovoide.<\/p>\n\n\n\n<p class=\"has-medium-font-size\"><strong>Antiage- rituaali, kirkastava ja elvytt\u00e4v\u00e4 hoito 75 min 110 \u20ac<\/strong><\/p>\n\n\n\n<p class=\"has-medium-font-size\">Lyhyt jalkahieronta, alkupuhdistus, kohottava \u00f6ljyhieronta, kuorinta, seerumi, kiinteytt\u00e4v\u00e4 naamio, k\u00e4sihieronta naamion aikana, hoitovoide. itsee, kosteuttaa ja korjaa ihon juurisyit\u00e4 pintaa syvemm\u00e4lt\u00e4 sek\u00e4 rentouttaa kasvolihaksia.<\/p>\n\n\n\n<p class=\"has-medium-font-size\"><strong>Antiage Grand Royal rituaali, t\u00e4ydellinen elvytt\u00e4v\u00e4 rentoutushoito 105 min \/ 145 \u20ac<\/strong><\/p>\n\n\n\n<p class=\"has-medium-font-size\">Aromaattinen jalkakylpy ja -hieronta, alkupuhdistus, AHA happo -kuorinta, Black Mud detox naamio ja k\u00e4sihieronta, seerumi, liftaava hieronta seerumi\u00f6ljyll\u00e4 ja lopuksi vuorikritalleilla, kiinteytt\u00e4v\u00e4 naamio, chakrojen tasapainotus naamion aikana, hoitovoide.<\/p>\n\n\n\n<p class=\"has-medium-font-size\"><strong>Netra &#8211; silm\u00e4nymp\u00e4ryshoito<\/strong>, <strong>virkist\u00e4\u00e4 ja kirkastaa 30 min \/ 50 \u20ac<\/strong><\/p>\n\n\n\n<p class=\"has-medium-font-size\">Alkupuhdistus, silm\u00e4nymp\u00e4ryshieronta, naamio, seerumi, kristallihieronta, hoitovoide.  Sopii kaikille, erityisesti rasittuneille ja p\u00e4\u00e4tety\u00f6t\u00e4 tekeville silmille.                                                                Lis\u00e4palveluna: kasvohoidon yhteydess\u00e4 noin 15 min. 25 \u20ac.<\/p>\n\n\n\n<p class=\"has-medium-font-size\"><strong>Pada Spa -rituaali<\/strong> <strong>60 min \/ 80 \u20ac<\/strong><\/p>\n\n\n\n<p class=\"has-medium-font-size\">Pada -rituaali&nbsp;on holistinen ayurvedinen jalkahoito, joka kevent\u00e4\u00e4 v\u00e4syneit\u00e4 jalkoja ja tasapainottaa koko kehon energiaa. Hoito yhdist\u00e4\u00e4 terapeuttisen puhdistuksen, syv\u00e4n kuorinnan ja nestekiertoa stimuloivan hieronnan yksil\u00f6llisesti valittuihin tuoksumaailmoihin. Se poistaa stressi\u00e4 ja palauttaa jaloille v\u00e4litt\u00f6m\u00e4n keveyden ja pehmeyden.<br><\/p>\n\n\n\n<hr class=\"wp-block-separator has-alpha-channel-opacity\"\/>\n\n\n\n<div style=\"height:41px\" aria-hidden=\"true\" class=\"wp-block-spacer\"><\/div>\n\n\n\n<p class=\"has-large-font-size\" id=\"rentouttavat\"><strong>Rentouttavat hoidot<\/strong><\/p>\n\n\n\n<p class=\"has-medium-font-size\"><strong>Ayurvedinen refleksologia \u2013 Harmoninen matka hyv\u00e4\u00e4n oloon<\/strong> <strong>60 min \/85 \u20ac<\/strong><\/p>\n\n\n\n<p class=\"has-medium-font-size\">Pys\u00e4hdy hetkeksi ja anna kehollesi mahdollisuus t\u00e4ydelliseen palautumiseen. Ayurvedinen refleksologia on syv\u00e4sti eheytt\u00e4v\u00e4 hoito, jossa ikiaikainen intialainen hoitoperinne ja moderni vy\u00f6hyketerapia kohtaavat pehme\u00e4sti.<\/p>\n\n\n\n<p class=\"has-medium-font-size\">Alkupuhdistus, l\u00e4mmin \u00f6ljy -k\u00e4sittely Jalkaterien ja tai k\u00e4mmenten vy\u00f6hykkeisiin keskittyv\u00e4 k\u00e4sittely puhdistaa kehoa, vilkastuttaa aineenvaihduntaa ja tyynnytt\u00e4\u00e4 mielt\u00e4. Hoito ei ainoastaan huolla lihaksia ja niveli\u00e4, vaan auttaa purkamaan stressi\u00e4 ja palauttamaan sis\u00e4isen tasapainon.<\/p>\n\n\n\n<p class=\"has-medium-font-size\">Tunti ayurvedista refleksologiaa on lempe\u00e4 lahja itsellesi \u2013 se ravitsee ihoa, elvytt\u00e4\u00e4 verenkiertoa ja kirkastaa tunteet.&nbsp;<\/p>\n\n\n\n<p class=\"has-medium-font-size\"><em>&#8221;Metodi perustuu Sharon Stathisin kansainv\u00e4lisesti arvostettuun oppiin.&#8221;<\/em><\/p>\n\n\n\n<p class=\"has-medium-font-size\"><strong>Intialainen p\u00e4\u00e4nhieronta<\/strong> <strong>40 min \/ 50 \u20ac<\/strong><\/p>\n\n\n\n<p class=\"has-medium-font-size\">Syv\u00e4rentouttava p\u00e4\u00e4nhieronta hoito, joka vapauttaa j\u00e4nnityst\u00e4 hartioista, niskasta ja p\u00e4\u00e4n alueelta. Hoito viimeistell\u00e4\u00e4n tyynnytt\u00e4v\u00e4ll\u00e4 kasvojen ja korvien hieronnalla. K\u00e4sittely parantaa p\u00e4\u00e4n verenkiertoa, vilkastuttaa aineenvaihduntaa ja auttaa saavuttamaan levollisen y\u00f6unen. Kokonaisvaltainen hetki, joka rauhoittaa mielen ja palauttaa tasapainon. <\/p>\n\n\n\n<p class=\"has-medium-font-size\">Hoitomenetelm\u00e4n on kehitt\u00e4nyt Narendra Mehta<\/p>\n\n\n\n<div class=\"wp-block-buttons is-content-justification-center is-layout-flex wp-container-core-buttons-is-layout-a89b3969 wp-block-buttons-is-layout-flex\">\n<div class=\"wp-block-button\"><a class=\"wp-block-button__link has-quaternary-color has-text-color has-link-color wp-element-button\" href=\"https:\/\/ainonelamanvireys.fi\/?page_id=760\" style=\"border-top-left-radius:100px;border-top-right-radius:100px;border-bottom-left-radius:100px;border-bottom-right-radius:100px\">Tilaa lahjakortti<\/a><\/div>\n<\/div>\n\n\n\n<p><\/p>\n\n\n\n\n\n<div style=\"height:0px\" aria-hidden=\"true\" class=\"wp-block-spacer\"><\/div>\n","protected":false},"excerpt":{"rendered":"<p>Konsultaatio Ihoanalyysi &#8221;Analyysin esittely&#8221;! Kokonaisvaltainen ihoanalyysi Antlitz-analyysi -menetelm\u00e4ll\u00e4 60 min \/ 98\u20ac Haluatko todella ymm\u00e4rt\u00e4\u00e4, mit\u00e4 ihosi tarvitsee? Teen sinulle perusteellisen ihoanalyysin, joka toteutetaan perinteisen\u00e4 ja tarkkana Antlitz-analyysina. T\u00e4m\u00e4 kasvoanalyysi perustuu Dr.Hickethierin kehitt\u00e4m\u00e4\u00e4n kasvodiagnostiseen menetelm\u00e4\u00e4n ja ammattitaitoiseen visuaaliseen havainnointiin \u2013 t\u00e4ysin ilman koneita, sopii myos s\u00e4hk\u00f6allergisille. Konsultaatio alkaa kattavalla asiakaskartoituksella, jossa k\u00e4ymme l\u00e4pi: Taustatiedot ja [&hellip;]<\/p>\n","protected":false},"author":2,"featured_media":0,"parent":0,"menu_order":0,"comment_status":"closed","ping_status":"closed","template":"","meta":{"footnotes":""},"class_list":["post-588","page","type-page","status-publish","hentry"],"_links":{"self":[{"href":"https:\/\/ainonelamanvireys.fi\/index.php?rest_route=\/wp\/v2\/pages\/588","targetHints":{"allow":["GET"]}}],"collection":[{"href":"https:\/\/ainonelamanvireys.fi\/index.php?rest_route=\/wp\/v2\/pages"}],"about":[{"href":"https:\/\/ainonelamanvireys.fi\/index.php?rest_route=\/wp\/v2\/types\/page"}],"author":[{"embeddable":true,"href":"https:\/\/ainonelamanvireys.fi\/index.php?rest_route=\/wp\/v2\/users\/2"}],"replies":[{"embeddable":true,"href":"https:\/\/ainonelamanvireys.fi\/index.php?rest_route=%2Fwp%2Fv2%2Fcomments&post=588"}],"version-history":[{"count":172,"href":"https:\/\/ainonelamanvireys.fi\/index.php?rest_route=\/wp\/v2\/pages\/588\/revisions"}],"predecessor-version":[{"id":1694,"href":"https:\/\/ainonelamanvireys.fi\/index.php?rest_route=\/wp\/v2\/pages\/588\/revisions\/1694"}],"wp:attachment":[{"href":"https:\/\/ainonelamanvireys.fi\/index.php?rest_route=%2Fwp%2Fv2%2Fmedia&parent=588"}],"curies":[{"name":"wp","href":"https:\/\/api.w.org\/{rel}","templated":true}]}}