{"id":1319,"date":"2026-03-16T08:30:28","date_gmt":"2026-03-16T08:30:28","guid":{"rendered":"https:\/\/ainonelamanvireys.fi\/?page_id=1319"},"modified":"2026-04-23T16:02:46","modified_gmt":"2026-04-23T16:02:46","slug":"tuotteet","status":"publish","type":"page","link":"https:\/\/ainonelamanvireys.fi\/?page_id=1319","title":{"rendered":"Tuotteet"},"content":{"rendered":"\n<figure class=\"wp-block-image aligncenter size-full is-resized\"><img loading=\"lazy\" decoding=\"async\" width=\"814\" height=\"533\" src=\"https:\/\/ainonelamanvireys.fi\/wp-content\/uploads\/2026\/03\/LAKSHMILOGO.jpeg\" alt=\"\" class=\"wp-image-1261\" style=\"aspect-ratio:1.5272199583711998;width:496px;height:auto\" srcset=\"https:\/\/ainonelamanvireys.fi\/wp-content\/uploads\/2026\/03\/LAKSHMILOGO.jpeg 814w, https:\/\/ainonelamanvireys.fi\/wp-content\/uploads\/2026\/03\/LAKSHMILOGO-300x196.jpeg 300w, https:\/\/ainonelamanvireys.fi\/wp-content\/uploads\/2026\/03\/LAKSHMILOGO-768x503.jpeg 768w\" sizes=\"auto, (max-width: 814px) 100vw, 814px\" \/><\/figure>\n\n\n\n<p class=\"has-text-align-center has-large-font-size\">          LAKSHMI, AYURVEDIST\u00c4 LUONNONKOSMETIIKKAA<\/p>\n\n\n\n<p class=\"has-medium-font-size\">Lakshmi korkealaatuinen luonnonkosmetiikkamme on eettinen valinta, edist\u00e4\u00e4 kest\u00e4v\u00e4n kehityksen kulttuuria ja kunnioitusta ymp\u00e4rist\u00f6\u00e4 kohtaan. Lis\u00e4ksi luonnontuotteilla on parempi yhteensopivuus kehomme kanssa. Lakshmin tuotekehittelyss\u00e4 on otettu huomioon<strong> <\/strong>koko maanviljelyksen ekosysteemin, poissulkien geenimanipulaation. Se noudattaa tiukkoja ymp\u00e4rist\u00f6kriteerej\u00e4 suojellen luontoa, ihmisi\u00e4 ja el\u00e4imi\u00e4.<\/p>\n\n\n\n<p class=\"has-medium-font-size\">Tuotteet valmistetaan luonnon laboratorion parhaista raaka-aineista; yrteist\u00e4, siemenist\u00e4, kukista ja hedelmist\u00e4. Tuotteissa yhdistyv\u00e4t 100% puhtaat eteeriset ja kylm\u00e4puristetut kasvi\u00f6ljyt, pro- prebiootit, kasvipohjaiset hyaluronihappo ja kollageeni sek\u00e4 lukuisat luonnolliset ja puhtaat kasviraaka-aineet.<\/p>\n\n\n\n<p class=\"has-medium-font-size\">Lakshmi k\u00e4ytt\u00e4\u00e4 ainoastaan luonnollista alkuper\u00e4\u00e4 olevia raaka-aineita luonnollisia tuoksuja, jotka on saatu kasvien synergiasta, eteerisist\u00e4 \u00f6ljyist\u00e4 ja luonnollisista kasviuutteista. Kasveja biodynaamisist\u00e4, luomuviljelyist\u00e4 ja luonnonvaraisista kasveista, kuten aromaattisten kukkien kukkavesi\u00e4, eritt\u00e4in ihoyst\u00e4v\u00e4llisi\u00e4<\/p>\n\n\n\n<p class=\"has-medium-font-size\">Lakshmin kauneusfilosofia perustuu Ayurvedaan. Lakshmi ei hoida ihoa vain p\u00e4\u00e4lt\u00e4 p\u00e4in vaan se tarjoaa tuotteita ja hoitomenetelmi\u00e4, joilla pyrit\u00e4\u00e4n l\u00f6yt\u00e4m\u00e4\u00e4n ongelman ydin ja luomaan kokonaisvaltainen hyvinvointi. Tutustu lis\u00e4\u00e4: Palvelut &amp; hinnastot \/ hoitolapalvelut.<\/p>\n\n\n\n<p class=\"has-medium-font-size\">Lakshmin kosmetiikkatuotteet ovat saaneet AIAB (Italian Association of Biological Agriculture) eko-biosertifikaatit<\/p>\n\n\n\n<p><\/p>\n\n\n\n<p class=\"has-quaternary-color has-text-color has-link-color wp-elements-f88838cb046e61bee3a29008e54fa053\"><\/p>\n\n\n\n<div style=\"height:100px\" aria-hidden=\"true\" class=\"wp-block-spacer\"><\/div>\n","protected":false},"excerpt":{"rendered":"<p>LAKSHMI, AYURVEDIST\u00c4 LUONNONKOSMETIIKKAA Lakshmi korkealaatuinen luonnonkosmetiikkamme on eettinen valinta, edist\u00e4\u00e4 kest\u00e4v\u00e4n kehityksen kulttuuria ja kunnioitusta ymp\u00e4rist\u00f6\u00e4 kohtaan. Lis\u00e4ksi luonnontuotteilla on parempi yhteensopivuus kehomme kanssa. Lakshmin tuotekehittelyss\u00e4 on otettu huomioon koko maanviljelyksen ekosysteemin, poissulkien geenimanipulaation. Se noudattaa tiukkoja ymp\u00e4rist\u00f6kriteerej\u00e4 suojellen luontoa, ihmisi\u00e4 ja el\u00e4imi\u00e4. Tuotteet valmistetaan luonnon laboratorion parhaista raaka-aineista; yrteist\u00e4, siemenist\u00e4, kukista ja hedelmist\u00e4. Tuotteissa [&hellip;]<\/p>\n","protected":false},"author":2,"featured_media":0,"parent":0,"menu_order":0,"comment_status":"closed","ping_status":"closed","template":"","meta":{"footnotes":""},"class_list":["post-1319","page","type-page","status-publish","hentry"],"_links":{"self":[{"href":"https:\/\/ainonelamanvireys.fi\/index.php?rest_route=\/wp\/v2\/pages\/1319","targetHints":{"allow":["GET"]}}],"collection":[{"href":"https:\/\/ainonelamanvireys.fi\/index.php?rest_route=\/wp\/v2\/pages"}],"about":[{"href":"https:\/\/ainonelamanvireys.fi\/index.php?rest_route=\/wp\/v2\/types\/page"}],"author":[{"embeddable":true,"href":"https:\/\/ainonelamanvireys.fi\/index.php?rest_route=\/wp\/v2\/users\/2"}],"replies":[{"embeddable":true,"href":"https:\/\/ainonelamanvireys.fi\/index.php?rest_route=%2Fwp%2Fv2%2Fcomments&post=1319"}],"version-history":[{"count":15,"href":"https:\/\/ainonelamanvireys.fi\/index.php?rest_route=\/wp\/v2\/pages\/1319\/revisions"}],"predecessor-version":[{"id":1681,"href":"https:\/\/ainonelamanvireys.fi\/index.php?rest_route=\/wp\/v2\/pages\/1319\/revisions\/1681"}],"wp:attachment":[{"href":"https:\/\/ainonelamanvireys.fi\/index.php?rest_route=%2Fwp%2Fv2%2Fmedia&parent=1319"}],"curies":[{"name":"wp","href":"https:\/\/api.w.org\/{rel}","templated":true}]}}